 2*w. Let l be r(-3). Let q(a) = -a**2 + a + 26. List the prime factors of q(l).
2, 13
Let l = -3916 - -5515. List the prime factors of l.
3, 13, 41
Suppose 0*q + 3*x = -q - 7, 4*q + 5*x = -21. What are the prime factors of (-17)/(9/q + 2)?
2, 17
List the prime factors of ((-24)/(-20))/(1 + 9/(-10)).
2, 3
Suppose 19679 = -111*v + 122*v. What are the prime factors of v?
1789
What are the prime factors of (10 + (-1776)/(-20))*20?
2, 13, 19
Suppose 38*k - 284 = 172. What are the prime factors of k?
2, 3
Let b(v) = 5*v**2 + 3*v + 7. Let t be b(3). Suppose 0 = n + 2*l - 29, 4*n - 2*l - t = 85. What are the prime factors of n?
5, 7
Suppose -13*r = -9*r - 16. Suppose -5*w + 3097 + 3309 = -r*z, z = 3*w - 3838. What are the prime factors of 3/5 - w/(-45)?
29
Let z = 95 - 91. Suppose 3*i + 5*h - 285 = 0, 380 = z*i - 0*i - h. List the prime factors of i.
5, 19
List the prime factors of -1*((-8)/(-48) - (-16238)/(-12)).
3, 11, 41
Suppose -2*i + 5*s = -573, 9*i = 10*i - 4*s - 291. What are the prime factors of i?
3, 31
Let n(o) = -6*o - 31. List the prime factors of n(-20).
89
Let c = -201 - -281. Let j = -48 + c. List the prime factors of j.
2
Suppose -f - 81 = -d - 6*f, -244 = -4*d - 4*f. Suppose d = -4*b + 2*b. Let j = -9 - b. List the prime factors of j.
19
Let x = 13 + -1. Suppose 9*s = x*s - 63. Let b = -19 + s. What are the prime factors of b?
2
Let k(x) = 94*x**3 + x**2 - 2*x + 1. Let d be k(1). Suppose 0 = -9*t + 7*t + 4. Suppose n + t*c = 24, 0*n - 5*c - d = -3*n. What are the prime factors of n?
2, 7
Let h(y) = -y**3 + 33*y**2 - 21*y + 58. What are the prime factors of h(32)?
2, 5, 41
Suppose 2369 = 4*t - 883. What are the prime factors of t?
3, 271
Let b = 27 - 27. Suppose 0 = 4*c - c + 3*p, b = 2*c - 4*p. Suppose c = -6*x + 204 + 30. List the prime factors of x.
3, 13
Suppose 2*f = -3*h + 4, 3*h - 4*h = -3*f - 16. Suppose 0 = -4*y - h. List the prime factors of (y - (2 - 4))*13.
13
Suppose -14*c + 17*c - 18 = 0. List the prime factors of 9/(-6)*(-424)/c.
2, 53
Suppose -13*w = -4*s - 11*w + 1924, 0 = 5*s - w - 2399. What are the prime factors of s?
479
Suppose -3*k + 5*n + 325 = 0, -3*k = 2*n - 6*n - 326. Let c = k - 54. List the prime factors of c.
2, 7
List the prime factors of 2335/4 - (-85)/68.
3, 5, 13
Let c(d) = -12. Let o(m) = -m + 1. Let h(a) = -c(a) + o(a). Let l be h(9). Suppose n = l + 4. List the prime factors of n.
2
Suppose 2*p = 6*p + 128. Let o = p + 35. Let b = o - -20. List the prime factors of b.
23
Let r(z) be the third derivative of 0 - 3*z**2 + 1/60*z**5 - 1/24*z**4 + 0*z + z**3. List the prime factors of r(5).
2, 13
Let b(o) be the first derivative of o**4/4 + 2*o**3 + 6*o + 33. What are the prime factors of b(-5)?
31
Let s = -1032 + 1849. What are the prime factors of s?
19, 43
Let f(z) = 3*z - 12. Let y be (9 - 11)/(4/(-10)). Let d be f(y). Suppose -3*w + 118 = -3*k - 80, -w + 66 = -d*k. List the prime factors of w.
2, 3, 11
Let l(m) be the third derivative of 11*m**4/24 + 31*m**3/6 - 30*m**2. List the prime factors of l(10).
3, 47
List the prime factors of (-1770 + -4)*4*4/(-8).
2, 887
Let i(v) be the second derivative of -17*v**3/6 - 8*v**2 + 22*v. List the prime factors of i(-14).
2, 3, 37
Let j(m) = m**2 - 37*m + 867. List the prime factors of j(0).
3, 17
Suppose 0 = 8*f - 9*f. Let m = 8 - f. Let i = m + 39. What are the prime factors of i?
47
Suppose 8*c - 10*c + 24 = 0. What are the prime factors of (-4)/c*-69 - 4?
19
Suppose -4*t = -5*m - 1736, -4*m - 1397 = 4*t + t. Let s = -238 - m. What are the prime factors of s?
2, 5, 11
Suppose 8*t = 4*t + 336. Suppose t*z - 88*z = -492. What are the prime factors of z?
3, 41
Let g be -3 + 28/8 - (-6)/4. Suppose -77 = -g*q + 45. List the prime factors of q.
61
Let p = 436 + 395. What are the prime factors of p?
3, 277
Suppose 3*c + 23 = 287. What are the prime factors of c?
2, 11
Suppose 96 = 5*z + z. Let a = 8 + z. List the prime factors of a.
2, 3
Suppose 0 = -n - 5*x + 6055, -2*n + 6733 + 5363 = -4*x. What are the prime factors of n?
2, 5, 11
Let m(a) = a**2 - 5*a + 3. Let n be m(3). Let x be 9/(-3) - (n + -3). Suppose 5*r + x*d = 53, 0*r + 3*d + 7 = r. What are the prime factors of r?
2, 5
Let y = 29 + -33. List the prime factors of 6/(-8) + (-19)/y.
2
Suppose 22 = 5*j - 3. Let p = 3 - j. List the prime factors of -2 + 6 + 4/p.
2
Let u(i) be the second derivative of -5*i**3/6 - i**2 + 2*i. Let o be u(-4). Suppose -3*y + o = -3. List the prime factors of y.
7
Let x = 5 - 2. Let g(y) = 6*y + x - y - 3*y + 0. What are the prime factors of g(16)?
5, 7
What are the prime factors of (-6)/4*((-74480)/12)/14?
5, 7, 19
Let m be (-8)/(2 - 0) + 13. List the prime factors of -10*3/(-6) - m/(-3).
2
Let j = -2280 + 4246. What are the prime factors of j?
2, 983
Let z be 8/12*-3*-2. List the prime factors of z/(-8) - 89/(-2).
2, 11
Let n = 285 - 149. Let k = 35 + n. List the prime factors of k.
3, 19
Let o = 201 - 117. Suppose 7*s - o = 119. List the prime factors of s.
29
Suppose -63*s - 1747 = -99649. List the prime factors of s.
2, 3, 7, 37
Let z be 4 + -1 + 81 - -4. Suppose 4*v - 88 = -0*o - 3*o, -4*v - 4*o = -z. List the prime factors of v.
2, 11
Let c(r) = -11 + 70*r**2 + 3 + 8. List the prime factors of c(-1).
2, 5, 7
Let l(f) = f**3 + 26*f**2 + 61*f + 87. List the prime factors of l(-19).
3, 5, 97
Let l = 60 + -59. What are the prime factors of (5 - l) + 27/1?
31
Let k = -27 + 64. Let c = k + 52. What are the prime factors of c?
89
Suppose 5*t - 1607 - 1559 = 4*x, 2*x + 638 = t. Suppose -2*j = 4*n - t, 2*n - 144 = n + 4*j. List the prime factors of n.
2, 3, 13
Let v(g) = -g**2 - 4*g + 46. Let d be (-5 - 0) + -3 + 8. What are the prime factors of v(d)?
2, 23
Let w be ((-64)/(-12))/(1/(-3)). Let t be (240/w)/(-2 - -1). Suppose 25 + t = 2*u. What are the prime factors of u?
2, 5
Suppose -97*b + 5584 = -93*b. What are the prime factors of b?
2, 349
Let g(h) be the third derivative of h**5/60 + h**4/2 - 4*h**3/3 + 8*h**2. Let n be g(-12). What are the prime factors of (-2)/n - 99/(-4)?
5
Let v = 2746 - -356. List the prime factors of v.
2, 3, 11, 47
Let t = -7 - -59. Let r = t - 28. What are the prime factors of r?
2, 3
Suppose -2*a - 6 = -5*a. List the prime factors of -2*(-87)/a + (-21)/21.
2, 43
Let u = -144 - -644. List the prime factors of u.
2, 5
Let t = -150 + 327. List the prime factors of t.
3, 59
Suppose 221*h - 2295 = 216*h. List the prime factors of h.
3, 17
Let r = 4255 - 2376. List the prime factors of r.
1879
Let k be -4 + (-5)/(-10) + (-442)/(-4). Let g = k - 95. List the prime factors of g.
2, 3
Let w = -656 - -835. What are the prime factors of w?
179
Let h = -907 + 1724. What are the prime factors of h?
19, 43
Suppose -i - 5*u + 2561 = 0, 0 = 8*i - 11*i + u + 7747. List the prime factors of i.
29, 89
List the prime factors of (117/3 - 2)*29.
29, 37
Let z be 3 - (-2 + (-9)/(-3)). Suppose -3*t = d - 361, d = -z*d + 12. What are the prime factors of t?
7, 17
Suppose -3*a - 772 = 5*r - 6*r, -5*r = 5*a - 3780. What are the prime factors of r?
2, 5, 19
Let d(o) be the first derivative of -o**3/3 - 23*o**2/2 + 38*o + 33. List the prime factors of d(-12).
2, 5, 17
Let p be (11 + -1)/(-1 + -1). Let n(m) = m + 4. Let d be n(p). What are the prime factors of 6*(64/(-12))/d?
2
Let s(g) = 5*g**2 - 1 - 2395*g + g**3 + 2395*g. Let j(m) = -m**3 + 6*m**2 - m + 3. Let h be j(6). What are the prime factors of s(h)?
17
Let q(w) = w**3 - 7*w**2 + 7*w - 6. Let u be q(6). Let n(r) be the first derivative of -r**4/4 + r**3/3 - r**2/2 + 4*r + 3. What are the prime factors of n(u)?
2
Suppose 0*g = 4*g - 3*f - 161, 85 = 2*g - 3*f. Let a(c) = -36*c - 3. Let x be a(-2). Let o = x - g. List the prime factors of o.
31
Let o be 4/(-5)*260/(-8). Suppose 0 = 3*d + 89 - o. Let p = 42 + d. What are the prime factors of p?
3, 7
Suppose a = 2*a - 286. Suppose -272 - a = -6*q. Suppose -2*x - x + q = 0. List the prime factors of x.
31
Suppose -3*p + 6*p = -3*x, -2 = x + 3*p. Let o be 2/(x*8/(-12)). List the prime factors of (-148)/o - 2/(-3).
2, 5
Suppose 0 = -4*k + 7 + 9. Let w = k + 1. Suppose 3*f - w*n = -18 + 99, 0 = -2*f - 2*n + 38. List the prime factors of f.
2, 11
Let s = -39 + 38. Suppose 66 = l + 2*l. Let w = s + l. List the prime factors of w.
3, 7
What are the prime factors of 21376/(10